 prime factors of 228079801?
103, 2214367
List the prime factors of 134004626.
2, 7, 2207, 4337
List the prime factors of 4399628886.
2, 3, 4421, 6143
What are the prime factors of 91910964?
2, 3, 7659247
List the prime factors of 332731308.
2, 3, 7, 13, 31, 9829
What are the prime factors of 2305965305?
5, 7, 19, 29, 109, 1097
List the prime factors of 49411690.
2, 5, 17, 290657
What are the prime factors of 1350776563?
139, 311, 31247
What are the prime factors of 588083964?
2, 3, 13, 23, 251, 653
What are the prime factors of 48233629?
48233629
What are the prime factors of 8383987?
29, 289103
What are the prime factors of 137381689?
43, 3194923
What are the prime factors of 2231772913?
419, 5326427
What are the prime factors of 148173848?
2, 3631, 5101
What are the prime factors of 41341898?
2, 13, 1590073
What are the prime factors of 58140831?
3, 7, 2768611
What are the prime factors of 56133015?
3, 5, 3742201
What are the prime factors of 1845814217?
13, 141985709
What are the prime factors of 1508681217?
3, 7717, 65167
List the prime factors of 151677294.
2, 3, 25279549
What are the prime factors of 32843758?
2, 16421879
List the prime factors of 170186223.
3, 23, 127, 19421
List the prime factors of 220615459.
220615459
List the prime factors of 2570737.
13, 31, 6379
List the prime factors of 872493615.
3, 5, 7, 23, 120427
What are the prime factors of 202256769?
3, 11, 13, 17, 27733
What are the prime factors of 228179303?
11, 19, 71, 15377
What are the prime factors of 2067156021?
3, 7, 17, 47, 7247
List the prime factors of 76011608.
2, 787, 12073
What are the prime factors of 2346723090?
2, 3, 5, 337, 8597
What are the prime factors of 1841036035?
5, 23, 71, 225479
What are the prime factors of 308958583?
367, 841849
What are the prime factors of 63617606?
2, 13, 691, 3541
What are the prime factors of 1599894834?
2, 3, 266649139
What are the prime factors of 5467392367?
19, 109, 769, 3433
List the prime factors of 1591510296.
2, 3, 107, 607, 1021
What are the prime factors of 2287612071?
3, 84726373
List the prime factors of 897494.
2, 13, 34519
What are the prime factors of 7629856096?
2, 3271, 72893
What are the prime factors of 976332247?
11, 139, 173, 3691
List the prime factors of 52813043.
41, 131, 9833
What are the prime factors of 22271336?
2, 37, 67, 1123
List the prime factors of 2312709035.
5, 7, 13, 569, 8933
List the prime factors of 82528468.
2, 11, 541, 3467
List the prime factors of 11409665.
5, 199, 11467
What are the prime factors of 1430647057?
7, 204378151
What are the prime factors of 8193917494?
2, 7, 83611403
What are the prime factors of 153205805?
5, 103, 297487
List the prime factors of 1739703564.
2, 3, 163, 296473
List the prime factors of 802668162.
2, 3, 47, 577, 4933
List the prime factors of 4110602480.
2, 5, 31, 293, 5657
What are the prime factors of 57695004?
2, 3, 59357
List the prime factors of 47461657.
1871, 25367
List the prime factors of 133059475.
5, 5322379
List the prime factors of 2439242365.
5, 7, 17, 239, 1009
What are the prime factors of 673323101?
11, 131, 467261
What are the prime factors of 3167017685?
5, 13, 47, 1036667
List the prime factors of 2142278.
2, 1071139
List the prime factors of 17932249.
23, 779663
List the prime factors of 8723407783.
97, 89932039
List the prime factors of 231047618.
2, 115523809
List the prime factors of 126130791.
3, 42043597
List the prime factors of 220582.
2, 110291
List the prime factors of 647859189.
3, 379, 569797
What are the prime factors of 649297980?
2, 3, 5, 3607211
What are the prime factors of 152584216?
2, 3613, 5279
List the prime factors of 1154035735.
5, 17, 37, 83, 4421
What are the prime factors of 44551725?
3, 5, 594023
List the prime factors of 3558051724.
2, 21089, 42179
What are the prime factors of 117361070?
2, 5, 3389, 3463
List the prime factors of 1958802911.
13, 443, 340129
What are the prime factors of 5969461047?
3, 11, 73, 2477983
List the prime factors of 182737573.
17, 19, 43, 59, 223
What are the prime factors of 908913487?
908913487
List the prime factors of 192279069.
3, 19, 19727
List the prime factors of 211164606.
2, 3, 1427, 8221
What are the prime factors of 1620334?
2, 89, 9103
What are the prime factors of 15312015?
3, 5, 340267
What are the prime factors of 541062610?
2, 5, 11, 373, 13187
What are the prime factors of 25893372?
2, 3, 401, 5381
What are the prime factors of 965379260?
2, 5, 29, 1664447
What are the prime factors of 1006075713?
3, 1259, 266369
List the prime factors of 243686.
2, 121843
What are the prime factors of 6089323?
2017, 3019
What are the prime factors of 12590461?
13, 61, 15877
List the prime factors of 367340519.
7, 13, 4036709
List the prime factors of 2653393006.
2, 11, 61, 32413
What are the prime factors of 203815784?
2, 317, 80369
List the prime factors of 76889051.
76889051
List the prime factors of 2854114614.
2, 3, 13, 97, 125743
What are the prime factors of 276953115?
3, 5, 61, 302681
What are the prime factors of 42942082?
2, 21471041
What are the prime factors of 25376112?
2, 3, 58741
What are the prime factors of 157405829?
7, 22486547
What are the prime factors of 1081340210?
2, 5, 89, 431, 2819
What are the prime factors of 370142547?
3, 17, 41, 229, 773
What are the prime factors of 420174175?
5, 16806967
What are the prime factors of 56832534?
2, 3, 11, 19, 15107
What are the prime factors of 623390741?
19, 263, 124753
List the prime factors of 570277952.
2, 59, 151027
List the prime factors of 70509678.
2, 3, 73, 160981
List the prime factors of 69328466.
2, 34664233
List the prime factors of 2792226200.
2, 5, 17, 61, 13463
What are the prime factors of 7310352?
2, 3, 7, 21757
List the prime factors of 2725363052.
2, 681340763
List the prime factors of 53436768.
2, 3, 7, 11, 7229
What are the prime factors of 2521466852?
2, 43, 719, 20389
List the prime factors of 271596.
2, 3, 13, 1741
List the prime factors of 35484544.
2, 277223
List the prime factors of 5014745501.
5014745501
What are the prime factors of 558403455?
3, 5, 61, 499, 1223
What are the prime factors of 73416296?
2, 59, 109, 1427
What are the prime factors of 88443871?
151, 585721
List the prime factors of 133601068.
2, 33400267
What are the prime factors of 2063977722?
2, 3, 3863, 29683
List the prime factors of 823664696.
2, 37, 101, 27551
What are the prime factors of 74846939?
61, 181, 6779
List the prime factors of 38736035.
5, 13, 595939
What are the prime factors of 2038753290?
2, 3, 5, 7, 41, 33827
What are the prime factors of 787806589?
787806589
What are the prime factors of 55258779?
3, 103, 178831
List the prime factors of 106869350.
2, 5, 7, 29, 10529
List the prime factors of 347242770.
2, 3, 5, 7, 551179
List the prime factors of 3807815123.
7, 73, 7451693
List the prime factors of 121856143.
121856143
List the prime factors of 7105076.
2, 11, 31, 5209
List the prime factors of 26064503.
1049, 24847
List the prime factors of 2259646.
2, 71, 15913
List the prime factors of 5822012872.
2, 13, 769, 72797
List the prime factors of 643039599.
3, 787, 272359
List the prime factors of 1269456211.
1087, 1167853
What are the prime factors of 4113627?
3, 7, 195887
List the prime factors of 374018125.
5, 13, 3541
What are the prime factors of 157791874?
2, 78895937
What are the prime factors of 705682604?
2, 11, 16038241
What are the prime factors of 82888067?
23, 3603829
List the prime factors of 1147435903.
67, 17125909
List the prime factors of 158791459.
158791459
List the prime factors of 19265622.
2, 3, 163, 19699
List the prime factors of 113659524.
2, 3, 11, 31891
List the prime factors of 229221036.
2, 3, 11, 23, 8389
List the prime factors of 1859821111.
109, 1453, 11743
What are the prime factors of 221302699?
221302699
What are the prime factors of 3681103904?
2, 3449, 33353
What are the prime factors of 1065724284?
2, 3, 7541, 11777
What are the prime factors of 1949742056?
2, 241, 1011277
List the prime factors of 323714378.
2, 13, 271, 45943
List the prime factors of 89727362.
2, 44863681
List the prime factors of 48722084.
2, 277, 43973
What are the prime factors of 2291315722?
2, 439, 2609699
List the prime factors of 193263723.
3, 21473747
List the prime factors o